{"id":18,"date":"2021-03-25T12:33:31","date_gmt":"2021-03-25T12:33:31","guid":{"rendered":"https:\/\/www.nadacnifondkalich.cz\/?page_id=18"},"modified":"2022-01-25T14:49:26","modified_gmt":"2022-01-25T14:49:26","slug":"granty","status":"publish","type":"page","link":"https:\/\/www.nadacnifondkalich.cz\/index.php\/granty\/","title":{"rendered":"Jak \u017e\u00e1dat o p\u0159\u00edsp\u011bvek"},"content":{"rendered":"<p>[et_pb_section fb_built=&#8220;1&#8243; admin_label=&#8220;About Us &#8220; _builder_version=&#8220;3.22&#8243; custom_padding=&#8220;80px|0px|60px|0px||&#8220;][et_pb_row column_structure=&#8220;1_2,1_2&#8243; _builder_version=&#8220;4.9.2&#8243; module_alignment=&#8220;center&#8220; custom_margin=&#8220;|||&#8220; custom_padding=&#8220;|||&#8220;][et_pb_column type=&#8220;1_2&#8243; _builder_version=&#8220;3.25&#8243; background_color_gradient_direction=&#8220;35deg&#8220; custom_padding=&#8220;|60px||&#8220; custom_padding__hover=&#8220;|||&#8220;][et_pb_text _builder_version=&#8220;4.9.2&#8243; text_font=&#8220;||||||||&#8220; header_font=&#8220;||||||||&#8220; header_text_align=&#8220;left&#8220; header_text_color=&#8220;#2b2b2b&#8220; header_line_height=&#8220;1.3em&#8220; header_2_font=&#8220;Playfair Display|700|||||||&#8220; header_2_text_align=&#8220;left&#8220; header_2_text_color=&#8220;#2b2b2b&#8220; header_2_font_size=&#8220;42px&#8220; header_2_line_height=&#8220;1.5em&#8220; text_orientation=&#8220;center&#8220; module_alignment=&#8220;center&#8220; custom_margin=&#8220;||10px|&#8220;]<\/p>\n<h2>Jak \u017e\u00e1dat o nada\u010dn\u00ed p\u0159\u00edsp\u011bvek<\/h2>\n<p>[\/et_pb_text][et_pb_divider color=&#8220;#f7d584&#8243; divider_weight=&#8220;3px&#8220; disabled_on=&#8220;on|on|off&#8220; _builder_version=&#8220;3.2&#8243; max_width=&#8220;80px&#8220; module_alignment=&#8220;left&#8220; height=&#8220;10px&#8220; custom_margin=&#8220;||20px|&#8220; animation_style=&#8220;slide&#8220; animation_direction=&#8220;bottom&#8220; saved_tabs=&#8220;all&#8220; locked=&#8220;off&#8220;][\/et_pb_divider][et_pb_text _builder_version=&#8220;4.9.2&#8243; text_font=&#8220;Poppins||||||||&#8220; text_text_color=&#8220;rgba(0,0,0,0.4)&#8220; text_font_size=&#8220;16px&#8220; text_line_height=&#8220;1.9em&#8220; header_font=&#8220;||||||||&#8220; header_2_font=&#8220;||||||||&#8220; module_alignment=&#8220;center&#8220; custom_margin=&#8220;||30px|&#8220; hover_enabled=&#8220;0&#8243; sticky_enabled=&#8220;0&#8243;]<\/p>\n<p>Nada\u010dn\u00ed fond Kalich poskytuje nada\u010dn\u00ed p\u0159\u00edsp\u011bvky neziskov\u00fdm organizac\u00edm v\u00a0pr\u016fb\u011bhu cel\u00e9ho roku.<\/p>\n<p>Schv\u00e1len\u00ed \u017e\u00e1dosti a rozhodnut\u00ed o v\u00fd\u0161i poskytnut\u00e9ho finan\u010dn\u00edho p\u0159\u00edsp\u011bvku je v\u00a0kompetenci spr\u00e1vn\u00ed rady NF Kalich.<\/p>\n<p>Podpora mus\u00ed b\u00fdt sm\u011b\u0159ov\u00e1na na podporu aktivit realizovan\u00fdch na Litom\u011b\u0159icku, Roudnicku a Sl\u00e1nsku.<\/p>\n<p>\u017dadatel sm\u00ed v dan\u00e9m roce na jeden projekt\/jednu akci podat pouze jednu \u017e\u00e1dost o dotaci.<\/p>\n<p>Co je t\u0159eba ud\u011blat?<\/p>\n<ul>\n<li>Vyplnit \u017e\u00e1dost o nada\u010dn\u00ed p\u0159\u00edsp\u011bvek a adresovat ji spr\u00e1vn\u00ed rad\u011b NF Kalich na e-mail: <a href=\"mailto:nadacnifondkalich@seznam.cz\">nadacnifondkalich@seznam.cz<\/a>. Formul\u00e1\u0159 \u017e\u00e1dosti ke sta\u017een\u00ed ve form\u00e1tech .xls a .pdf je n\u00ed\u017ee.<\/li>\n<li>V\u00a0p\u0159\u00edpad\u011b schv\u00e1len\u00ed \u017e\u00e1dosti bude \u017eadatel vyrozum\u011bn o v\u00fd\u0161i poskytnut\u00e9 podpory<\/li>\n<li>Dojde k seps\u00e1n\u00ed darovac\u00ed smlouvy a n\u00e1sledn\u011b do 30 dn\u016f od podeps\u00e1n\u00ed k poskytnut\u00ed finan\u010dn\u00edho daru, p\u0159i\u010dem\u017e ka\u017ed\u00e1 ze stran obdr\u017e\u00ed dva podepsan\u00e9 origin\u00e1ly darovac\u00ed smlouvy<\/li>\n<li>Obdarovan\u00fd je povinen v\u00a0r\u00e1mci akce\/projektu propagovat Nada\u010dn\u00ed fond Kalich jako d\u00e1rce, u\u017e\u00edt a prezentovat jeho logo na propaga\u010dn\u00edch materi\u00e1lech (<a href=\"https:\/\/www.nadacnifondkalich.cz\/wp-content\/uploads\/2022\/01\/Logo-NF-Kalich.png\">logo ke sta\u017een\u00ed ZDE<\/a>)<\/li>\n<li>V\u00a0p\u0159\u00edpad\u011b, \u017ee projekt nebude z\u00a0n\u011bjak\u00e9ho d\u016fvodu realizov\u00e1n, je obdarovan\u00fd povinen poskytovatele daru o t\u00e9to skute\u010dnosti informovat a darovanou \u010d\u00e1stku vr\u00e1tit na jeho \u00fa\u010det<\/li>\n<\/ul>\n<p>Mezi \u017eadatele, kter\u00e9 NF podporuje, pat\u0159\u00ed:<\/p>\n<ul>\n<li>Spolky<\/li>\n<li>Obecn\u011b prosp\u011b\u0161n\u00e9 spole\u010dnosti<\/li>\n<li>\u00dastavy<\/li>\n<li>C\u00edrkevn\u00ed organizace, Evidovan\u00e9 c\u00edrkevn\u00ed pr\u00e1vnick\u00e9 organizace<\/li>\n<li>P\u0159\u00edsp\u011bvkov\u00e9 organizace<\/li>\n<li>Obce, m\u011bsta<\/li>\n<li>Fyzick\u00e9 osoby<\/li>\n<\/ul>\n<ul><\/ul>\n<p>[\/et_pb_text][et_pb_button button_url=&#8220;https:\/\/www.nadacnifondkalich.cz\/wp-content\/uploads\/2021\/10\/Z\u030ca\u0301dost-o-poskytnuti\u0301-nadac\u030cni\u0301ho-pr\u030ci\u0301spe\u030cvku.pdf&#8220; url_new_window=&#8220;on&#8220; button_text=&#8220;\u017d\u00e1dost o nada\u010dn\u00ed p\u0159\u00edsp\u011bvek v pdf&#8220; _builder_version=&#8220;4.9.2&#8243; custom_button=&#8220;on&#8220; button_text_size=&#8220;14px&#8220; button_text_color=&#8220;rgba(0,0,0,0.7)&#8220; button_bg_color=&#8220;#f7d584&#8243; button_border_width=&#8220;0px&#8220; button_border_radius=&#8220;0px&#8220; button_letter_spacing=&#8220;2px&#8220; button_font=&#8220;Poppins|600||on|||||&#8220; button_use_icon=&#8220;off&#8220; custom_margin=&#8220;20px|||&#8220; custom_padding=&#8220;12px|28px|12px|28px&#8220; box_shadow_style=&#8220;preset1&#8243; box_shadow_vertical=&#8220;10px&#8220; box_shadow_blur=&#8220;30px&#8220; box_shadow_color=&#8220;rgba(0,0,0,0.2)&#8220; button_letter_spacing_hover=&#8220;2px&#8220; button_text_size__hover_enabled=&#8220;off&#8220; button_one_text_size__hover_enabled=&#8220;off&#8220; button_two_text_size__hover_enabled=&#8220;off&#8220; button_text_color__hover_enabled=&#8220;off&#8220; button_one_text_color__hover_enabled=&#8220;off&#8220; button_two_text_color__hover_enabled=&#8220;off&#8220; button_border_width__hover_enabled=&#8220;off&#8220; button_one_border_width__hover_enabled=&#8220;off&#8220; button_two_border_width__hover_enabled=&#8220;off&#8220; button_border_color__hover_enabled=&#8220;off&#8220; button_one_border_color__hover_enabled=&#8220;off&#8220; button_two_border_color__hover_enabled=&#8220;off&#8220; button_border_radius__hover_enabled=&#8220;off&#8220; button_one_border_radius__hover_enabled=&#8220;off&#8220; button_two_border_radius__hover_enabled=&#8220;off&#8220; button_letter_spacing__hover_enabled=&#8220;on&#8220; button_letter_spacing__hover=&#8220;2px&#8220; button_one_letter_spacing__hover_enabled=&#8220;off&#8220; button_two_letter_spacing__hover_enabled=&#8220;off&#8220; button_bg_color__hover_enabled=&#8220;off&#8220; button_one_bg_color__hover_enabled=&#8220;off&#8220; button_two_bg_color__hover_enabled=&#8220;off&#8220;][\/et_pb_button][et_pb_button button_url=&#8220;https:\/\/www.nadacnifondkalich.cz\/wp-content\/uploads\/2021\/10\/Z\u030ca\u0301dost-o-poskytnuti\u0301-nadac\u030cni\u0301ho-pr\u030ci\u0301spe\u030cvku.xlsx&#8220; url_new_window=&#8220;on&#8220; button_text=&#8220;\u017d\u00e1dost o nada\u010dn\u00ed p\u0159\u00edsp\u011bvek v xlsx&#8220; _builder_version=&#8220;4.9.2&#8243; custom_button=&#8220;on&#8220; button_text_size=&#8220;14px&#8220; button_text_color=&#8220;rgba(0,0,0,0.7)&#8220; button_bg_color=&#8220;#f7d584&#8243; button_border_width=&#8220;0px&#8220; button_border_radius=&#8220;0px&#8220; button_letter_spacing=&#8220;2px&#8220; button_font=&#8220;Poppins|600||on|||||&#8220; button_use_icon=&#8220;off&#8220; custom_margin=&#8220;20px|||&#8220; custom_padding=&#8220;12px|28px|12px|28px&#8220; box_shadow_style=&#8220;preset1&#8243; box_shadow_vertical=&#8220;10px&#8220; box_shadow_blur=&#8220;30px&#8220; box_shadow_color=&#8220;rgba(0,0,0,0.2)&#8220; button_letter_spacing_hover=&#8220;2px&#8220; button_text_size__hover_enabled=&#8220;off&#8220; button_one_text_size__hover_enabled=&#8220;off&#8220; button_two_text_size__hover_enabled=&#8220;off&#8220; button_text_color__hover_enabled=&#8220;off&#8220; button_one_text_color__hover_enabled=&#8220;off&#8220; button_two_text_color__hover_enabled=&#8220;off&#8220; button_border_width__hover_enabled=&#8220;off&#8220; button_one_border_width__hover_enabled=&#8220;off&#8220; button_two_border_width__hover_enabled=&#8220;off&#8220; button_border_color__hover_enabled=&#8220;off&#8220; button_one_border_color__hover_enabled=&#8220;off&#8220; button_two_border_color__hover_enabled=&#8220;off&#8220; button_border_radius__hover_enabled=&#8220;off&#8220; button_one_border_radius__hover_enabled=&#8220;off&#8220; button_two_border_radius__hover_enabled=&#8220;off&#8220; button_letter_spacing__hover_enabled=&#8220;on&#8220; button_letter_spacing__hover=&#8220;2px&#8220; button_one_letter_spacing__hover_enabled=&#8220;off&#8220; button_two_letter_spacing__hover_enabled=&#8220;off&#8220; button_bg_color__hover_enabled=&#8220;off&#8220; button_one_bg_color__hover_enabled=&#8220;off&#8220; button_two_bg_color__hover_enabled=&#8220;off&#8220;][\/et_pb_button][\/et_pb_column][et_pb_column type=&#8220;1_2&#8243; _builder_version=&#8220;4.9.2&#8243; background_color_gradient_direction=&#8220;115deg&#8220; custom_padding=&#8220;|||&#8220; custom_padding__hover=&#8220;|||&#8220;][et_pb_image src=&#8220;https:\/\/www.nadacnifondkalich.cz\/wp-content\/uploads\/2021\/04\/karel_sek-scaled.jpg&#8220; title_text=&#8220;karel_sek&#8220; align=&#8220;center&#8220; _builder_version=&#8220;4.9.2&#8243; height=&#8220;408px&#8220; custom_margin=&#8220;-15px|40px|40px|-40px|false|false&#8220; custom_padding=&#8220;|||&#8220; animation_style=&#8220;zoom&#8220; animation_direction=&#8220;right&#8220; animation_intensity_zoom=&#8220;6%&#8220; animation_starting_opacity=&#8220;100%&#8220; box_shadow_style=&#8220;preset3&#8243; box_shadow_horizontal=&#8220;13px&#8220; box_shadow_vertical=&#8220;42px&#8220; box_shadow_blur=&#8220;45px&#8220; box_shadow_spread=&#8220;-3px&#8220; box_shadow_color=&#8220;rgba(0,0,0,0.1)&#8220; always_center_on_mobile=&#8220;off&#8220;][\/et_pb_image][\/et_pb_column][\/et_pb_row][\/et_pb_section][et_pb_section fb_built=&#8220;1&#8243; admin_label=&#8220;Collections&#8220; _builder_version=&#8220;3.22&#8243; custom_padding=&#8220;60px|0px|0px|0px||&#8220;][\/et_pb_section]<\/p>\n","protected":false},"excerpt":{"rendered":"<p>[et_pb_section fb_built=&#8220;1&#8243; admin_label=&#8220;About Us &#8220; _builder_version=&#8220;3.22&#8243; custom_padding=&#8220;80px|0px|60px|0px||&#8220;][et_pb_row column_structure=&#8220;1_2,1_2&#8243; _builder_version=&#8220;4.9.2&#8243; module_alignment=&#8220;center&#8220; custom_margin=&#8220;|||&#8220; custom_padding=&#8220;|||&#8220;][et_pb_column type=&#8220;1_2&#8243; _builder_version=&#8220;3.25&#8243; background_color_gradient_direction=&#8220;35deg&#8220; custom_padding=&#8220;|60px||&#8220; custom_padding__hover=&#8220;|||&#8220;][et_pb_text _builder_version=&#8220;4.9.2&#8243; text_font=&#8220;||||||||&#8220; header_font=&#8220;||||||||&#8220; header_text_align=&#8220;left&#8220; header_text_color=&#8220;#2b2b2b&#8220; header_line_height=&#8220;1.3em&#8220; header_2_font=&#8220;Playfair Display|700|||||||&#8220; header_2_text_align=&#8220;left&#8220; header_2_text_color=&#8220;#2b2b2b&#8220; header_2_font_size=&#8220;42px&#8220; header_2_line_height=&#8220;1.5em&#8220; text_orientation=&#8220;center&#8220; module_alignment=&#8220;center&#8220; custom_margin=&#8220;||10px|&#8220;] Jak \u017e\u00e1dat o nada\u010dn\u00ed p\u0159\u00edsp\u011bvek [\/et_pb_text][et_pb_divider color=&#8220;#f7d584&#8243; divider_weight=&#8220;3px&#8220; disabled_on=&#8220;on|on|off&#8220; _builder_version=&#8220;3.2&#8243; max_width=&#8220;80px&#8220; module_alignment=&#8220;left&#8220; height=&#8220;10px&#8220; custom_margin=&#8220;||20px|&#8220; animation_style=&#8220;slide&#8220; animation_direction=&#8220;bottom&#8220; saved_tabs=&#8220;all&#8220; locked=&#8220;off&#8220;][\/et_pb_divider][et_pb_text _builder_version=&#8220;4.9.2&#8243; text_font=&#8220;Poppins||||||||&#8220; text_text_color=&#8220;rgba(0,0,0,0.4)&#8220; text_font_size=&#8220;16px&#8220; text_line_height=&#8220;1.9em&#8220; [&hellip;]<\/p>\n","protected":false},"author":2,"featured_media":0,"parent":0,"menu_order":0,"comment_status":"closed","ping_status":"closed","template":"","meta":{"_et_pb_use_builder":"on","_et_pb_old_content":"","_et_gb_content_width":""},"_links":{"self":[{"href":"https:\/\/www.nadacnifondkalich.cz\/index.php\/wp-json\/wp\/v2\/pages\/18"}],"collection":[{"href":"https:\/\/www.nadacnifondkalich.cz\/index.php\/wp-json\/wp\/v2\/pages"}],"about":[{"href":"https:\/\/www.nadacnifondkalich.cz\/index.php\/wp-json\/wp\/v2\/types\/page"}],"author":[{"embeddable":true,"href":"https:\/\/www.nadacnifondkalich.cz\/index.php\/wp-json\/wp\/v2\/users\/2"}],"replies":[{"embeddable":true,"href":"https:\/\/www.nadacnifondkalich.cz\/index.php\/wp-json\/wp\/v2\/comments?post=18"}],"version-history":[{"count":15,"href":"https:\/\/www.nadacnifondkalich.cz\/index.php\/wp-json\/wp\/v2\/pages\/18\/revisions"}],"predecessor-version":[{"id":1800,"href":"https:\/\/www.nadacnifondkalich.cz\/index.php\/wp-json\/wp\/v2\/pages\/18\/revisions\/1800"}],"wp:attachment":[{"href":"https:\/\/www.nadacnifondkalich.cz\/index.php\/wp-json\/wp\/v2\/media?parent=18"}],"curies":[{"name":"wp","href":"https:\/\/api.w.org\/{rel}","templated":true}]}}